ber?
False
Suppose 0 = 3*c - 2*c. Is (c - -2)/((-16)/(-296)) a composite number?
False
Suppose -157 = -u + 313. Suppose -2*p + 13 - 9 = 0. Is u - 2*1/p a prime number?
False
Suppose 5*l = -2*u - 275, -5*u + l - 1118 + 363 = 0. Let b = 232 + u. Is b composite?
True
Let m = -655 - -955. Let w = -101 + m. Is w prime?
True
Let i be (15/(-10))/(6/8). Let h be 4/i + (6 - 3). Is h - 1 - 1 - -260 a composite number?
True
Is (-3*7/42)/(2/(-116236)) a prime number?
True
Let f(k) = 4*k**2 - 77*k - 13. Is f(-38) prime?
True
Let r = 13 + -11. Suppose 523 = s + 4*i, -2*i = r*s + 3*i - 1058. Let g = s + -286. Is g composite?
True
Suppose 0 = -2*k + 41 + 75. Let d = 98 + -255. Let b = k - d. Is b prime?
False
Let a(m) = -15*m - 31. Let w be a(-10). Let t = 356 - w. Is t a composite number?
True
Let j be 5/(-2)*48/30. Let y(v) = -180*v + 1. Is y(j) a composite number?
True
Is (1443141/189)/((-2)/(-6)) composite?
False
Is ((-3)/1)/(33/(-353089)) prime?
True
Let f(s) = -651*s**3 + s**2 + 3*s + 3. Let p be f(-1). Suppose -5*n + n = -p. Is n prime?
True
Let c = 11 + -8. Suppose 0 = -c*v - 19 + 4, -3*x - 2*v = 2116. Let y = -383 - x. Is y composite?
True
Is 4 + -1 + -3 + 18839 prime?
True
Let p = 28272 - 12593. Is p a prime number?
True
Let l(d) = d - 2. Let r be l(8). Let v(p) = -2*p**2 + 6*p + 11. Let g be v(r). Let c = g - -48. Is c a prime number?
True
Is 652 - (-42)/(-18)*-3 a composite number?
False
Suppose -q - 6*x = -2*x + 341, 3*q - x = -1088. Let z = 610 + q. Is z composite?
True
Suppose -8*c + 8361 = -5*c - 6*z, -2*z = -2*c + 5564. Is c prime?
True
Let v be (-8)/(-36) + (-4975)/(-9). Suppose 7*t + 0*t - v = 0. Is t composite?
False
Suppose -2 = -2*k - 62. Let i be k*(3/(-9) - -1). Let g = -11 - i. Is g composite?
True
Suppose 4*r - 22 = z - 0*r, 3*z - 4*r = -26. Let x be 3/(-6)*(z + -12). Suppose 3*w = 2 + x. Is w a prime number?
True
Let q be (24 - 10)*8/(-2). Is (17724/q)/((-2)/4) composite?
True
Suppose 3*j - 458 = 5*x + j, 160 = -2*x - 5*j. Let p be ((-458)/5)/(9/x). Suppose -3*s + 0*g - 5*g = -p, 1534 = 5*s + g. Is s a composite number?
False
Let u = -2023 - -3174. Is u prime?
True
Let z = -60190 + 92679. Is z a prime number?
False
Let s(v) = 3295*v + 221. Is s(12) composite?
False
Let g(k) = k**3 + k**2 + 2*k + 211. Suppose -2*o - 14 = 8. Let j = 11 + o. Is g(j) prime?
True
Let r(p) = 7*p - 15. Let d be r(13). Is 4/4*(-2 + d) a prime number?
False
Let m(u) be the first derivative of 11*u**4/4 - u**3/3 - 3*u**2 + 9*u - 17. Is m(4) a prime number?
True
Suppose -98919 + 6084 = -9*z. Is z composite?
True
Suppose -25 = -5*w + 15. Let m be (-2098)/(-4) + (-6)/12. Suppose -m = -w*d + 4*d. Is d a prime number?
True
Let w = 15 - 12. Suppose 3*q - 1602 = -w*l, 5*q - 2*l = -3*l + 2650. Is q a prime number?
False
Is 3*((-227142)/(-27) - -1) a composite number?
True
Is (4720368/240)/((-2)/(-10)) prime?
False
Suppose 4*m - 690 = -2122. Let r = 23 - m. Is r prime?
False
Let u(c) = c**3 - 18*c**2 - 14*c - 2. Let m be (9 - 10)/((-2)/38). Is u(m) a prime number?
False
Let z(h) = -131*h + 2. Let p be z(-3). Suppose 0 = -17*k + 18*k - p. Is k composite?
True
Suppose 15201 = -103*c + 112*c. Is c prime?
False
Suppose -j + 4*l = 9, 0 = l - 0*l - 3. Suppose -j*y - 20 = y, -y = -4*i + 1921. Is i a composite number?
False
Suppose 0 = 3*n - 2*v - 12, n + 4*v - v + 7 = 0. Is (-6 - 908)*n/(-4) a prime number?
True
Let b(u) = 2*u**2 - 5*u + 24613. Is b(0) composite?
True
Let i(m) = -m + 3. Let u be i(1). Is (-2)/((-2)/106*u) a prime number?
True
Let a(q) = -156*q**3 - q**2 + 8*q + 2. Is a(-3) a composite number?
True
Let i = -40 + 42. Suppose 3*k + 810 = 5*f + i*k, 0 = -2*k + 10. Is f a prime number?
True
Suppose 5*t - 27 = -2*v - 11, 20 = 4*t + 4*v. Suppose -t*j + 238 = -1164. Is j a prime number?
True
Let v(k) = -101*k + 3. Let m be (-72)/(-14) - 3/21. Let s = 1 - m. Is v(s) a prime number?
False
Suppose 3*u - 24 = -2*n, 5*n + 2*u = -3 + 63. Let h be n/(-24)*(-7 - 1). Suppose 0*s = -h*s + 1828. Is s a composite number?
False
Suppose 11*t = 12*t - 3. Suppose -2*o = t*a - 2383, 5*o - 2*a - 5969 = 2*a. Is o composite?
False
Let t be 14*((-10)/4 - (-4 - -2)). Is 436 - (t + (-3 - -7)) a prime number?
True
Suppose -a + 0*a = 4*x - 8, -2*a + 12 = 4*x. Suppose -a*u - 446 = -6*u. Is u a composite number?
False
Is (70/(-105))/((-2)/116979) composite?
False
Suppose 0 = 8*x - 1461 - 51. Let s be 1/((-1)/(-4)*-2). Let u = x - s. Is u composite?
False
Let x(o) = -2*o**2 + 10*o - 7. Let v be x(6). Let q = v - -18. Is -3*q*(-1623)/(-9) a prime number?
True
Let o(x) = -x**3 + 24*x**2 - 42*x + 41. Is o(22) composite?
True
Let z(i) = -19*i**2 - 12*i - 5. Let x(o) = -10*o**2 - 6*o - 2. Let u(f) = 5*x(f) - 3*z(f). Let b be u(-6). Let j = b - 10. Is j a prime number?
True
Suppose 10 = 4*b + 5*r, -5*r - 15 = -0*b - b. Let o be 8/22*154/28. Suppose -2*a = o*w - 2, -6 + 0 = -b*w - 4*a. Is w a composite number?
False
Let g(k) = 3*k + 58. Let l be g(-15). Suppose -18*o = -l*o - 10295. Is o composite?
True
Let n = 1526 - 275. Suppose 0 = 2*p + 119 - n. Is p composite?
True
Suppose 2*r - 200089 = -17*r. Is r composite?
False
Let y(c) = 96*c**2 - c + 3. Suppose 4*j + 9 + 27 = 0. Let s be 16/6*j/(-6). Is y(s) a composite number?
True
Suppose p - 4 = -4*g - 3*p, g - 2*p + 14 = 0. Let n = g - -7. Suppose 4*o + 177 = 4*y - 291, -12 = n*o. Is y composite?
False
Let p be (8 - 4)*735/12. Suppose 0 = -7*g + p + 469. Let l = g - -21. Is l a prime number?
False
Suppose 5*i - 4 = 6. Let f be (249 - 13)*4/i. Suppose -4*v + 0*v - 611 = -5*z, -f = -4*z - v. Is z a composite number?
True
Let r(p) = -48*p**2 + 3*p - 15. Let j be r(-8). Let i = -616 - j. Is i a composite number?
True
Suppose -6153 = -w - 146. Is w a composite number?
False
Let j be 2/(-2 + 5/2). Let g(s) = -24*s + 8. Let x be g(j). Is (3 - 10)*(-1 + x) a prime number?
False
Let n = -1745 - -3106. Is n a prime number?
True
Suppose -1994*s + 1988*s = -13926. Is s composite?
True
Let t(k) = 4*k**2 + 9*k + 6. Let h(j) = 7*j**2 + 17*j + 12. Let q(z) = 3*h(z) - 5*t(z). Is q(13) prime?
False
Suppose -9 = 2*f - 1, 0 = 5*b - 5*f - 67765. Is b a prime number?
False
Is ((-1385092)/(-102))/((-2)/(-3)) prime?
True
Let b(x) = -10*x - 3. Suppose -5*p + 2*q = -113, -6 = -p + q + 19. Suppose 0*k - 3*k = p. Is b(k) a prime number?
True
Let t(r) = 6*r**3 - 4*r - 23. Is t(10) composite?
True
Let o = 870 + -1348. Let q = -267 - o. Is q composite?
False
Let c be 87/(-9) + (-1)/3. Let i(q) = -q. Let a(p) = -10*p - 1. Let l(u) = a(u) - i(u). Is l(c) prime?
True
Let u be (16/(-2))/((-4)/12). Let y(h) = -16*h - 3. Let g be y(-2). Suppose -o = -g - u. Is o prime?
True
Let r be (4/6 + -1)*-9. Suppose r = -t + 9. Suppose -4*u - 4*h + 242 = -t*h, -4*u + 3*h + 245 = 0. Is u a prime number?
True
Suppose 0 = 11*o - 6*o - 2*q - 7297, 3*o - 2*q = 4379. Is o prime?
True
Suppose 907544 - 205202 = 18*v. Is v a prime number?
True
Let d(f) = -16*f + 2. Let u be d(1). Let k = u + 14. Suppose 2*m = -k + 46. Is m a composite number?
False
Suppose 4*c - 59 = -8*h + 5*h, -h = 4*c - 57. Suppose -4*i = -c - 6, 2*i = 5*z - 7345. Is z prime?
True
Let c(y) = -2*y**3 - 10*y**2 - 9*y + 107. Is c(-15) a composite number?
True
Let w(g) = -5*g - 2. Suppose -7 + 2 = 5*t. Let y be w(t). Is (y/6)/(4/104) prime?
True
Suppose -2*l + l = 2. Let h(m) = -23*m**3 - m**2 + 2*m + 2. Let y be h(l). Suppose -67 = t - y. Is t a composite number?
True
Suppose 5*q - 15 = -0*q. Suppose 4*y - 2*y = -3*t + 4078, 3*y = q*t + 6147. Is y a composite number?
True
Suppose -3*y + 11862 = -24693. Is y a composite number?
True
Let n(g) = -41*g**3 + 8*g**2 - 21*g - 7. Is n(-11) prime?
True
Is (-156820)/(-30) + 2/(-6) prime?
True
Suppose -267 = -3*i - 0*i. Let z = i + -36. Is z composite?
False
Let f(r) = 573*r**2 + 3*r - 3. Let a = -75 + 76. Is f(a) prime?
False
Let r be 3 - 0*4/(-20). Suppose -2*x = r*x - 10. Suppose -5*u - 3*t = -0*u - 248, -4*u = x*t - 198. Is u a prime number?
False
Let r(k) = k - 10. Let x be r(14). Suppose 180 = -x*h + 2*d, 5*d + 114 = -h - h. Let t = 132 + h. Is t prime?
False
Suppose -i + 2*f + 1 = -5, 5*i + f - 30 = 0. Let y(n) = 14*n**3 - 6*n**2 - 4*n + 5. Is y(i) composite?
False
Let t(y) be the first derivative of 4 - 1/3*y**3 - 2*y + 7/2*y**2. Is t(3) a prime number?
False
Suppose 0 = a - r - 8938, -4*